digit of 385638?
5
What is the millions digit of 5352501?
5
What is the tens digit of 1057136?
3
What is the units digit of 3206853?
3
What is the thousands digit of 249261?
9
What is the units digit of 327858?
8
What is the ten thousands digit of 6590891?
9
What is the thousands digit of 29165427?
5
What is the hundred thousands digit of 1594017?
5
What is the hundreds digit of 1623238?
2
What is the units digit of 82493?
3
What is the units digit of 478186?
6
What is the units digit of 8276944?
4
What is the millions digit of 13683939?
3
What is the hundred thousands digit of 5740340?
7
What is the thousands digit of 1553234?
3
What is the hundred thousands digit of 19728140?
7
What is the thousands digit of 192428?
2
What is the ten thousands digit of 759176?
5
What is the ten thousands digit of 161568?
6
What is the ten thousands digit of 145127?
4
What is the units digit of 382384?
4
What is the ten thousands digit of 1148356?
4
What is the units digit of 4598425?
5
What is the units digit of 327272?
2
What is the thousands digit of 169208?
9
What is the hundred thousands digit of 2457322?
4
What is the hundreds digit of 9745?
7
What is the hundreds digit of 8466666?
6
What is the tens digit of 158719?
1
What is the tens digit of 6668330?
3
What is the units digit of 826056?
6
What is the ten thousands digit of 233760?
3
What is the hundreds digit of 163750?
7
What is the hundreds digit of 356284?
2
What is the tens digit of 5205530?
3
What is the ten thousands digit of 3469485?
6
What is the thousands digit of 1690403?
0
What is the hundreds digit of 2720778?
7
What is the tens digit of 17057535?
3
What is the tens digit of 29562?
6
What is the units digit of 33789?
9
What is the ten thousands digit of 227788?
2
What is the units digit of 7694464?
4
What is the thousands digit of 2540237?
0
What is the thousands digit of 427023?
7
What is the thousands digit of 779763?
9
What is the hundred thousands digit of 159395?
1
What is the ten thousands digit of 145514?
4
What is the hundreds digit of 308094?
0
What is the tens digit of 1065721?
2
What is the thousands digit of 18767478?
7
What is the ten thousands digit of 5648010?
4
What is the units digit of 270408?
8
What is the hundred thousands digit of 11835726?
8
What is the units digit of 1651711?
1
What is the hundred thousands digit of 249125?
2
What is the hundreds digit of 38518271?
2
What is the hundreds digit of 150010?
0
What is the tens digit of 1171960?
6
What is the thousands digit of 139157?
9
What is the thousands digit of 1068468?
8
What is the millions digit of 6326130?
6
What is the units digit of 20419639?
9
What is the thousands digit of 102273?
2
What is the thousands digit of 1017807?
7
What is the hundred thousands digit of 7906720?
9
What is the tens digit of 280968?
6
What is the tens digit of 1491595?
9
What is the tens digit of 1098476?
7
What is the tens digit of 1196382?
8
What is the millions digit of 25708872?
5
What is the hundred thousands digit of 919862?
9
What is the hundred thousands digit of 454992?
4
What is the units digit of 1922641?
1
What is the units digit of 9362051?
1
What is the hundreds digit of 244369?
3
What is the millions digit of 24237480?
4
What is the hundreds digit of 243575?
5
What is the hundreds digit of 116947?
9
What is the hundreds digit of 340532?
5
What is the hundreds digit of 79200?
2
What is the ten thousands digit of 259145?
5
What is the hundred thousands digit of 495327?
4
What is the units digit of 498388?
8
What is the hundreds digit of 315172?
1
What is the thousands digit of 380154?
0
What is the thousands digit of 552406?
2
What is the hundred thousands digit of 998715?
9
What is the tens digit of 192045?
4
What is the millions digit of 7953474?
7
What is the units digit of 1627140?
0
What is the units digit of 740246?
6
What is the thousands digit of 482647?
2
What is the units digit of 2491895?
5
What is the tens digit of 16902468?
6
What is the ten thousands digit of 1558443?
5
What is the thousands digit of 260955?
0
What is the hundred thousands digit of 8941604?
9
What is the hundreds digit of 54347?
3
What is the tens digit of 4905693?
9
What is the hundred thousands digit of 505967?
5
What is the units digit of 33620?
0
What is the hundred thousands digit of 477362?
4
What is the hundreds digit of 136010?
0
What is the units digit of 299085?
5
What is the tens digit of 481370?
7
What is the thousands digit of 111409?
1
What is the thousands digit of 1325038?
5
What is the hundreds digit of 100328?
3
What is the hundred thousands digit of 979399?
9
What is the hundred thousands digit of 5294013?
2
What is the ten thousands digit of 7124917?
2
What is the thousands digit of 239599?
9
What is the hundred thousands digit of 2395921?
3
What is the units digit of 838264?
4
What is the millions digit of 1423084?
1
What is the ten thousands digit of 1610270?
1
What is the hundred thousands digit of 1257926?
2
What is the units digit of 289208?
8
What is the hundreds digit of 8736444?
4
What is the hundreds digit of 71029?
0
What is the ten thousands digit of 1100756?
0
What is the hundreds digit of 12600035?
0
What is the tens digit of 23527?
2
What is the tens digit of 2233600?
0
What is the thousands digit of 13932?
3
What is the units digit of 681799?
9
What is the tens digit of 574838?
3
What is the hundreds digit of 225263?
2
What is the hundred thousands digit of 4860597?
8
What is the ten thousands digit of 180384?
8
What is the tens digit of 12663573?
7
What is the hundreds digit of 2651391?
3
What is the tens digit of 4227027?
2
What is the ten thousands digit of 314728?
1
What is the hundreds digit of 699252?
2
What is the units digit of 797880?
0
What is the thousands digit of 3215482?
5
What is the thousands digit of 480628?
0
What is the tens digit of 2019493?
9
What is the tens digit of 931369?
6
What is the hundreds digit of 10574136?
1
What is the ten thousands digit of 6694567?
9
What is the units digit of 17249903?
3
What is the hundred thousands digit of 5903951?
9
What is the hundred thousands digit of 3396416?
3
What is the millions digit of 3410176?
3
What is the thousands digit of 213235?
3
What is the hundreds digit of 1132703?
7
What is the units digit of 15478770?
0
What is the thousands digit of 6917009?
7
What is the units digit of 2788372?
2
What is the thousands digit of 326286?
6
What is the hundred thousands digit of 16341192?
3
What is the thousands digit of 1759047?
9
What is the millions digit of 6806214?
6
What is the ten thousands digit of 141176?
4
What is the hundreds digit of 376656?
6
What is the hundreds digit of 650090?
0
What is the units digit of 142422?
2
What is the tens digit of 1607212?
1
What is the thousands digit of 1547930?
7
What is the tens digit of 268180?
8
What is the thousands digit of 11179691?
9
What is the units digit of 276313?
3
What is the millions digit of 3511370?
3
What is the hundreds digit of 584363?
3
What is the thousands digit of 23723?
3
What is the hundreds digit of 263956?
9
What is the tens digit of 244068?
6
What is the ten thousands digit of 9454086?
5
What is the thousands digit of 374815?
4
What is the hundreds digit of 3751981?
9
What is the tens digit of 7480867?
6
What is the thousands digit of 4634883?
4
What is the ten thousands digit of 2531297?
3
What is the units digit of 3761193?
3
What is the tens digit of 688046?
4
What is the thousands digit of 3690577?
0
What is the tens digit of 711336?
3
What is the hundreds digit of 187850?
8
What is the hundreds digit of 373152?
1
What is the hundreds digit of 11218395?
3
What is the hundreds digit of 1506669?
6
What is the tens digit of 1694420?
2
What is the hundreds digit of 173303?
3
What is the hundreds digit of 177212?
2
What is the tens digit of 22953359?
5
What is the units digit of 165121?
1
What is the thousands digit of 7356176?
6
What is the ten thousands digit of 1192245?
9
What is the ten millions digit of 12957237?
1
What is the hundred thousands digit of 800032?
8
What is the hundreds digit of 831039?
0
What is the ten thousands digit of 406826?
0
What is the hundreds digit of 493774?
7
What is the ten thousands digit of 3821998?
2
What is the millions digit of 28949